{"id":758,"date":"2021-04-20T10:34:15","date_gmt":"2021-04-20T10:34:15","guid":{"rendered":"http:\/\/www.deporinter.es\/?page_id=758"},"modified":"2021-09-02T10:39:12","modified_gmt":"2021-09-02T10:39:12","slug":"remo","status":"publish","type":"page","link":"https:\/\/www.deporinter.es\/?page_id=758","title":{"rendered":"REMO"},"content":{"rendered":"\t\t<div data-elementor-type=\"wp-page\" data-elementor-id=\"758\" class=\"elementor elementor-758\">\n\t\t\t\t\t\t<div class=\"elementor-inner\">\n\t\t\t\t<div class=\"elementor-section-wrap\">\n\t\t\t\t\t\t\t\t\t<section class=\"elementor-section elementor-top-section elementor-element elementor-element-a5eeff2 elementor-section-full_width elementor-section-height-default elementor-section-height-default\" data-id=\"a5eeff2\" data-element_type=\"section\" data-settings=\"{&quot;background_background&quot;:&quot;classic&quot;}\">\n\t\t\t\t\t\t<div class=\"elementor-container elementor-column-gap-no\">\n\t\t\t\t\t\t\t<div class=\"elementor-row\">\n\t\t\t\t\t<div class=\"elementor-column elementor-col-100 elementor-top-column elementor-element elementor-element-356081b\" data-id=\"356081b\" data-element_type=\"column\" data-settings=\"{&quot;background_background&quot;:&quot;classic&quot;}\">\n\t\t\t<div class=\"elementor-column-wrap elementor-element-populated\">\n\t\t\t\t\t\t\t<div class=\"elementor-widget-wrap\">\n\t\t\t\t\t\t<div class=\"elementor-element elementor-element-2190396 elementor-widget elementor-widget-image\" data-id=\"2190396\" data-element_type=\"widget\" data-widget_type=\"image.default\">\n\t\t\t\t<div class=\"elementor-widget-container\">\n\t\t\t\t\t\t\t\t<div class=\"elementor-image\">\n\t\t\t\t\t\t\t\t\t\t\t\t\t<a href=\"http:\/\/www.deporinter.es\/\">\n\t\t\t\t\t\t\t<img loading=\"lazy\" decoding=\"async\" width=\"1920\" height=\"162\" src=\"https:\/\/www.deporinter.es\/wp-content\/uploads\/2021\/04\/Imagen-Cabecera.png\" class=\"attachment-full size-full\" alt=\"\" srcset=\"https:\/\/www.deporinter.es\/wp-content\/uploads\/2021\/04\/Imagen-Cabecera.png 1920w, https:\/\/www.deporinter.es\/wp-content\/uploads\/2021\/04\/Imagen-Cabecera-300x25.png 300w, https:\/\/www.deporinter.es\/wp-content\/uploads\/2021\/04\/Imagen-Cabecera-1024x86.png 1024w, https:\/\/www.deporinter.es\/wp-content\/uploads\/2021\/04\/Imagen-Cabecera-768x65.png 768w, https:\/\/www.deporinter.es\/wp-content\/uploads\/2021\/04\/Imagen-Cabecera-1536x130.png 1536w, https:\/\/www.deporinter.es\/wp-content\/uploads\/2021\/04\/Imagen-Cabecera-600x51.png 600w\" sizes=\"auto, (max-width: 1920px) 100vw, 1920px\" \/>\t\t\t\t\t\t\t\t<\/a>\n\t\t\t\t\t\t\t\t\t\t\t\t\t\t<\/div>\n\t\t\t\t\t\t<\/div>\n\t\t\t\t<\/div>\n\t\t\t\t<div class=\"elementor-element elementor-element-e0f857e elementor-nav-menu__align-center elementor-nav-menu--dropdown-mobile elementor-nav-menu__text-align-aside elementor-nav-menu--toggle elementor-nav-menu--burger elementor-widget elementor-widget-nav-menu\" data-id=\"e0f857e\" data-element_type=\"widget\" data-settings=\"{&quot;submenu_icon&quot;:{&quot;value&quot;:&quot;&lt;i class=\\&quot;\\&quot;&gt;&lt;\\\/i&gt;&quot;,&quot;library&quot;:&quot;&quot;},&quot;layout&quot;:&quot;horizontal&quot;,&quot;toggle&quot;:&quot;burger&quot;}\" data-widget_type=\"nav-menu.default\">\n\t\t\t\t<div class=\"elementor-widget-container\">\n\t\t\t\t\t\t<nav migration_allowed=\"1\" migrated=\"0\" role=\"navigation\" class=\"elementor-nav-menu--main elementor-nav-menu__container elementor-nav-menu--layout-horizontal e--pointer-text e--animation-grow\">\n\t\t\t\t<ul id=\"menu-1-e0f857e\" class=\"elementor-nav-menu\"><li class=\"menu-item menu-item-type-custom menu-item-object-custom menu-item-home menu-item-has-children menu-item-341\"><a href=\"http:\/\/www.deporinter.es\" class=\"elementor-item\">DEPORTES<\/a>\n<ul class=\"sub-menu elementor-nav-menu--dropdown\">\n\t<li class=\"menu-item menu-item-type-post_type menu-item-object-page menu-item-987\"><a href=\"https:\/\/www.deporinter.es\/?page_id=642\" class=\"elementor-sub-item\">Ciclismo<\/a><\/li>\n\t<li class=\"menu-item menu-item-type-post_type menu-item-object-page menu-item-2428\"><a href=\"https:\/\/www.deporinter.es\/?page_id=2422\" class=\"elementor-sub-item\">OTROS DEPORTES<\/a><\/li>\n<\/ul>\n<\/li>\n<li class=\"menu-item menu-item-type-custom menu-item-object-custom menu-item-home menu-item-has-children menu-item-1903\"><a href=\"http:\/\/www.deporinter.es\" class=\"elementor-item\">SERVICIOS<\/a>\n<ul class=\"sub-menu elementor-nav-menu--dropdown\">\n\t<li class=\"menu-item menu-item-type-post_type menu-item-object-page menu-item-1111\"><a href=\"https:\/\/www.deporinter.es\/?page_id=1091\" class=\"elementor-sub-item\">Media<\/a><\/li>\n\t<li class=\"menu-item menu-item-type-post_type menu-item-object-page menu-item-1172\"><a href=\"https:\/\/www.deporinter.es\/?page_id=1166\" class=\"elementor-sub-item\">Log\u00edstica<\/a><\/li>\n\t<li class=\"menu-item menu-item-type-post_type menu-item-object-page menu-item-2512\"><a href=\"https:\/\/www.deporinter.es\/?page_id=2506\" class=\"elementor-sub-item\">Transmisiones<\/a><\/li>\n\t<li class=\"menu-item menu-item-type-post_type menu-item-object-page menu-item-1255\"><a href=\"https:\/\/www.deporinter.es\/?page_id=1220\" class=\"elementor-sub-item\">Rotulaci\u00f3n<\/a><\/li>\n<\/ul>\n<\/li>\n<li class=\"menu-item menu-item-type-post_type menu-item-object-page menu-item-1823\"><a href=\"https:\/\/www.deporinter.es\/?page_id=1805\" class=\"elementor-item\">EVENTOS<\/a><\/li>\n<li class=\"menu-item menu-item-type-post_type menu-item-object-page menu-item-1950\"><a href=\"https:\/\/www.deporinter.es\/?page_id=1944\" class=\"elementor-item\">NOTICIAS<\/a><\/li>\n<li class=\"menu-item menu-item-type-post_type menu-item-object-page menu-item-3004\"><a href=\"https:\/\/www.deporinter.es\/?page_id=2975\" class=\"elementor-item\">HAZTE VOLUNTARIO<\/a><\/li>\n<li class=\"menu-item menu-item-type-custom menu-item-object-custom menu-item-2974\"><a target=\"_blank\" href=\"https:\/\/www.deporinter.store\/c483002-socio-protector-67-edicion-ruta-del-sol.html\" class=\"elementor-item\">HAZTE SOCIO PROTECTOR<\/a><\/li>\n<li class=\"menu-item menu-item-type-custom menu-item-object-custom menu-item-343\"><a href=\"https:\/\/www.deporinter.store\/\" class=\"elementor-item\">TIENDA<\/a><\/li>\n<li class=\"menu-item menu-item-type-post_type menu-item-object-page menu-item-1281\"><a href=\"https:\/\/www.deporinter.es\/?page_id=1275\" class=\"elementor-item\">CONTACTO<\/a><\/li>\n<\/ul>\t\t\t<\/nav>\n\t\t\t\t\t<div class=\"elementor-menu-toggle\" role=\"button\" tabindex=\"0\" aria-label=\"Alternar men\u00fa\" aria-expanded=\"false\">\n\t\t\t<i aria-hidden=\"true\" role=\"presentation\" class=\"elementor-menu-toggle__icon--open eicon-menu-bar\"><\/i><i aria-hidden=\"true\" role=\"presentation\" class=\"elementor-menu-toggle__icon--close eicon-close\"><\/i>\t\t\t<span class=\"elementor-screen-only\">Men\u00fa<\/span>\n\t\t<\/div>\n\t\t\t<nav class=\"elementor-nav-menu--dropdown elementor-nav-menu__container\" role=\"navigation\" aria-hidden=\"true\">\n\t\t\t\t<ul id=\"menu-2-e0f857e\" class=\"elementor-nav-menu\"><li class=\"menu-item menu-item-type-custom menu-item-object-custom menu-item-home menu-item-has-children menu-item-341\"><a href=\"http:\/\/www.deporinter.es\" class=\"elementor-item\" tabindex=\"-1\">DEPORTES<\/a>\n<ul class=\"sub-menu elementor-nav-menu--dropdown\">\n\t<li class=\"menu-item menu-item-type-post_type menu-item-object-page menu-item-987\"><a href=\"https:\/\/www.deporinter.es\/?page_id=642\" class=\"elementor-sub-item\" tabindex=\"-1\">Ciclismo<\/a><\/li>\n\t<li class=\"menu-item menu-item-type-post_type menu-item-object-page menu-item-2428\"><a href=\"https:\/\/www.deporinter.es\/?page_id=2422\" class=\"elementor-sub-item\" tabindex=\"-1\">OTROS DEPORTES<\/a><\/li>\n<\/ul>\n<\/li>\n<li class=\"menu-item menu-item-type-custom menu-item-object-custom menu-item-home menu-item-has-children menu-item-1903\"><a href=\"http:\/\/www.deporinter.es\" class=\"elementor-item\" tabindex=\"-1\">SERVICIOS<\/a>\n<ul class=\"sub-menu elementor-nav-menu--dropdown\">\n\t<li class=\"menu-item menu-item-type-post_type menu-item-object-page menu-item-1111\"><a href=\"https:\/\/www.deporinter.es\/?page_id=1091\" class=\"elementor-sub-item\" tabindex=\"-1\">Media<\/a><\/li>\n\t<li class=\"menu-item menu-item-type-post_type menu-item-object-page menu-item-1172\"><a href=\"https:\/\/www.deporinter.es\/?page_id=1166\" class=\"elementor-sub-item\" tabindex=\"-1\">Log\u00edstica<\/a><\/li>\n\t<li class=\"menu-item menu-item-type-post_type menu-item-object-page menu-item-2512\"><a href=\"https:\/\/www.deporinter.es\/?page_id=2506\" class=\"elementor-sub-item\" tabindex=\"-1\">Transmisiones<\/a><\/li>\n\t<li class=\"menu-item menu-item-type-post_type menu-item-object-page menu-item-1255\"><a href=\"https:\/\/www.deporinter.es\/?page_id=1220\" class=\"elementor-sub-item\" tabindex=\"-1\">Rotulaci\u00f3n<\/a><\/li>\n<\/ul>\n<\/li>\n<li class=\"menu-item menu-item-type-post_type menu-item-object-page menu-item-1823\"><a href=\"https:\/\/www.deporinter.es\/?page_id=1805\" class=\"elementor-item\" tabindex=\"-1\">EVENTOS<\/a><\/li>\n<li class=\"menu-item menu-item-type-post_type menu-item-object-page menu-item-1950\"><a href=\"https:\/\/www.deporinter.es\/?page_id=1944\" class=\"elementor-item\" tabindex=\"-1\">NOTICIAS<\/a><\/li>\n<li class=\"menu-item menu-item-type-post_type menu-item-object-page menu-item-3004\"><a href=\"https:\/\/www.deporinter.es\/?page_id=2975\" class=\"elementor-item\" tabindex=\"-1\">HAZTE VOLUNTARIO<\/a><\/li>\n<li class=\"menu-item menu-item-type-custom menu-item-object-custom menu-item-2974\"><a target=\"_blank\" href=\"https:\/\/www.deporinter.store\/c483002-socio-protector-67-edicion-ruta-del-sol.html\" class=\"elementor-item\" tabindex=\"-1\">HAZTE SOCIO PROTECTOR<\/a><\/li>\n<li class=\"menu-item menu-item-type-custom menu-item-object-custom menu-item-343\"><a href=\"https:\/\/www.deporinter.store\/\" class=\"elementor-item\" tabindex=\"-1\">TIENDA<\/a><\/li>\n<li class=\"menu-item menu-item-type-post_type menu-item-object-page menu-item-1281\"><a href=\"https:\/\/www.deporinter.es\/?page_id=1275\" class=\"elementor-item\" tabindex=\"-1\">CONTACTO<\/a><\/li>\n<\/ul>\t\t\t<\/nav>\n\t\t\t\t<\/div>\n\t\t\t\t<\/div>\n\t\t\t\t\t\t<\/div>\n\t\t\t\t\t<\/div>\n\t\t<\/div>\n\t\t\t\t\t\t\t\t<\/div>\n\t\t\t\t\t<\/div>\n\t\t<\/section>\n\t\t\t\t<section class=\"elementor-section elementor-top-section elementor-element elementor-element-28351494 elementor-section-full_width elementor-section-height-default elementor-section-height-default\" data-id=\"28351494\" data-element_type=\"section\">\n\t\t\t\t\t\t<div class=\"elementor-container elementor-column-gap-no\">\n\t\t\t\t\t\t\t<div class=\"elementor-row\">\n\t\t\t\t\t<div class=\"elementor-column elementor-col-100 elementor-top-column elementor-element elementor-element-6aa568ea\" data-id=\"6aa568ea\" data-element_type=\"column\">\n\t\t\t<div class=\"elementor-column-wrap elementor-element-populated\">\n\t\t\t\t\t\t\t<div class=\"elementor-widget-wrap\">\n\t\t\t\t\t\t<div class=\"elementor-element elementor-element-57b63de elementor-widget elementor-widget-spacer\" data-id=\"57b63de\" data-element_type=\"widget\" data-widget_type=\"spacer.default\">\n\t\t\t\t<div class=\"elementor-widget-container\">\n\t\t\t\t\t<div class=\"elementor-spacer\">\n\t\t\t<div class=\"elementor-spacer-inner\"><\/div>\n\t\t<\/div>\n\t\t\t\t<\/div>\n\t\t\t\t<\/div>\n\t\t\t\t<div class=\"elementor-element elementor-element-62aa0797 elementor-widget elementor-widget-heading\" data-id=\"62aa0797\" data-element_type=\"widget\" data-widget_type=\"heading.default\">\n\t\t\t\t<div class=\"elementor-widget-container\">\n\t\t\t<h1 class=\"elementor-heading-title elementor-size-default\">REMO<\/h1>\t\t<\/div>\n\t\t\t\t<\/div>\n\t\t\t\t<section class=\"elementor-section elementor-inner-section elementor-element elementor-element-2d0d487b elementor-section-full_width elementor-section-height-default elementor-section-height-default\" data-id=\"2d0d487b\" data-element_type=\"section\">\n\t\t\t\t\t\t<div class=\"elementor-container elementor-column-gap-no\">\n\t\t\t\t\t\t\t<div class=\"elementor-row\">\n\t\t\t\t\t<div class=\"elementor-column elementor-col-25 elementor-inner-column elementor-element elementor-element-2cd6b040\" data-id=\"2cd6b040\" data-element_type=\"column\">\n\t\t\t<div class=\"elementor-column-wrap elementor-element-populated\">\n\t\t\t\t\t\t\t<div class=\"elementor-widget-wrap\">\n\t\t\t\t\t\t<div class=\"elementor-element elementor-element-e2817ae elementor-widget elementor-widget-image\" data-id=\"e2817ae\" data-element_type=\"widget\" data-widget_type=\"image.default\">\n\t\t\t\t<div class=\"elementor-widget-container\">\n\t\t\t\t\t\t\t\t<div class=\"elementor-image\">\n\t\t\t\t\t\t\t\t\t\t\t\t<img loading=\"lazy\" decoding=\"async\" width=\"1000\" height=\"551\" src=\"https:\/\/www.deporinter.es\/wp-content\/uploads\/2021\/05\/9dcd41a5cb1ad8ed20db75fe3c0ff7a7.jpg\" class=\"attachment-full size-full\" alt=\"\" srcset=\"https:\/\/www.deporinter.es\/wp-content\/uploads\/2021\/05\/9dcd41a5cb1ad8ed20db75fe3c0ff7a7.jpg 1000w, https:\/\/www.deporinter.es\/wp-content\/uploads\/2021\/05\/9dcd41a5cb1ad8ed20db75fe3c0ff7a7-300x165.jpg 300w, https:\/\/www.deporinter.es\/wp-content\/uploads\/2021\/05\/9dcd41a5cb1ad8ed20db75fe3c0ff7a7-768x423.jpg 768w, https:\/\/www.deporinter.es\/wp-content\/uploads\/2021\/05\/9dcd41a5cb1ad8ed20db75fe3c0ff7a7-600x331.jpg 600w\" sizes=\"auto, (max-width: 1000px) 100vw, 1000px\" \/>\t\t\t\t\t\t\t\t\t\t\t\t\t\t<\/div>\n\t\t\t\t\t\t<\/div>\n\t\t\t\t<\/div>\n\t\t\t\t<div class=\"elementor-element elementor-element-4c291279 elementor-aspect-ratio-169 elementor-widget elementor-widget-video\" data-id=\"4c291279\" data-element_type=\"widget\" data-settings=\"{&quot;youtube_url&quot;:&quot;https:\\\/\\\/www.youtube.com\\\/watch?v=dbmQz1ISNZM&quot;,&quot;autoplay&quot;:&quot;yes&quot;,&quot;play_on_mobile&quot;:&quot;yes&quot;,&quot;mute&quot;:&quot;yes&quot;,&quot;loop&quot;:&quot;yes&quot;,&quot;video_type&quot;:&quot;youtube&quot;,&quot;controls&quot;:&quot;yes&quot;,&quot;aspect_ratio&quot;:&quot;169&quot;}\" data-widget_type=\"video.default\">\n\t\t\t\t<div class=\"elementor-widget-container\">\n\t\t\t\t\t<div class=\"elementor-wrapper elementor-fit-aspect-ratio elementor-open-inline\">\n\t\t\t<div class=\"elementor-video\"><\/div>\t\t<\/div>\n\t\t\t\t<\/div>\n\t\t\t\t<\/div>\n\t\t\t\t\t\t<\/div>\n\t\t\t\t\t<\/div>\n\t\t<\/div>\n\t\t\t\t<div class=\"elementor-column elementor-col-50 elementor-inner-column elementor-element elementor-element-1c123a18\" data-id=\"1c123a18\" data-element_type=\"column\">\n\t\t\t<div class=\"elementor-column-wrap elementor-element-populated\">\n\t\t\t\t\t\t\t<div class=\"elementor-widget-wrap\">\n\t\t\t\t\t\t<div class=\"elementor-element elementor-element-21c3069e elementor-widget elementor-widget-text-editor\" data-id=\"21c3069e\" data-element_type=\"widget\" data-widget_type=\"text-editor.default\">\n\t\t\t\t<div class=\"elementor-widget-container\">\n\t\t\t\t\t\t\t\t<div class=\"elementor-text-editor elementor-clearfix\">\n\t\t\t\t<p>Deporinter participa en la organizaci\u00f3n\u00a0 cada a\u00f1o de\u00a0 las pruebas de la Liga de Jabegas de M\u00e1laga, siendo esta una embarcaci\u00f3n y prueba tradicional de la ciudad de M\u00e1laga originaria de los Fenicios siendo esta una embarcaci\u00f3n utilizada para la comercializaci\u00f3n de los productos de una forma r\u00e1pida.<\/p><p>La asociaci\u00f3n de remo tradicional inicia su andadura en 2010, organizando las primeras competiciones en 2012 en la cual se da inicio a la I Liga provincial de Jabegas diputaci\u00f3n de M\u00e1laga.<\/p><p>Deporinter asegura la log\u00edstica e infraestructuras para el desarrollo de todas las pruebas en las Zona de Muelle 1 de M\u00e1laga, garantizando que se cumplan todos los objetivos asegurando la log\u00edstica, transporte, se\u00f1alizaci\u00f3n y seguridad de la prueba.<\/p>\t\t\t\t\t<\/div>\n\t\t\t\t\t\t<\/div>\n\t\t\t\t<\/div>\n\t\t\t\t\t\t<\/div>\n\t\t\t\t\t<\/div>\n\t\t<\/div>\n\t\t\t\t<div class=\"elementor-column elementor-col-25 elementor-inner-column elementor-element elementor-element-3e6f52af\" data-id=\"3e6f52af\" data-element_type=\"column\">\n\t\t\t<div class=\"elementor-column-wrap elementor-element-populated\">\n\t\t\t\t\t\t\t<div class=\"elementor-widget-wrap\">\n\t\t\t\t\t\t<div class=\"elementor-element elementor-element-305b34f elementor-widget elementor-widget-image\" data-id=\"305b34f\" data-element_type=\"widget\" data-widget_type=\"image.default\">\n\t\t\t\t<div class=\"elementor-widget-container\">\n\t\t\t\t\t\t\t\t<div class=\"elementor-image\">\n\t\t\t\t\t\t\t\t\t\t\t\t<img loading=\"lazy\" decoding=\"async\" width=\"1000\" height=\"551\" src=\"https:\/\/www.deporinter.es\/wp-content\/uploads\/2021\/05\/8ba763cdb8444f707dd74c264e9e5ea3.jpg\" class=\"attachment-full size-full\" alt=\"\" srcset=\"https:\/\/www.deporinter.es\/wp-content\/uploads\/2021\/05\/8ba763cdb8444f707dd74c264e9e5ea3.jpg 1000w, https:\/\/www.deporinter.es\/wp-content\/uploads\/2021\/05\/8ba763cdb8444f707dd74c264e9e5ea3-300x165.jpg 300w, https:\/\/www.deporinter.es\/wp-content\/uploads\/2021\/05\/8ba763cdb8444f707dd74c264e9e5ea3-768x423.jpg 768w, https:\/\/www.deporinter.es\/wp-content\/uploads\/2021\/05\/8ba763cdb8444f707dd74c264e9e5ea3-600x331.jpg 600w\" sizes=\"auto, (max-width: 1000px) 100vw, 1000px\" \/>\t\t\t\t\t\t\t\t\t\t\t\t\t\t<\/div>\n\t\t\t\t\t\t<\/div>\n\t\t\t\t<\/div>\n\t\t\t\t<div class=\"elementor-element elementor-element-3752561c elementor-aspect-ratio-169 elementor-widget elementor-widget-video\" data-id=\"3752561c\" data-element_type=\"widget\" data-settings=\"{&quot;youtube_url&quot;:&quot;https:\\\/\\\/www.youtube.com\\\/watch?v=ENRlJFSo_9g&quot;,&quot;autoplay&quot;:&quot;yes&quot;,&quot;play_on_mobile&quot;:&quot;yes&quot;,&quot;mute&quot;:&quot;yes&quot;,&quot;loop&quot;:&quot;yes&quot;,&quot;video_type&quot;:&quot;youtube&quot;,&quot;controls&quot;:&quot;yes&quot;,&quot;aspect_ratio&quot;:&quot;169&quot;}\" data-widget_type=\"video.default\">\n\t\t\t\t<div class=\"elementor-widget-container\">\n\t\t\t\t\t<div class=\"elementor-wrapper elementor-fit-aspect-ratio elementor-open-inline\">\n\t\t\t<div class=\"elementor-video\"><\/div>\t\t<\/div>\n\t\t\t\t<\/div>\n\t\t\t\t<\/div>\n\t\t\t\t\t\t<\/div>\n\t\t\t\t\t<\/div>\n\t\t<\/div>\n\t\t\t\t\t\t\t\t<\/div>\n\t\t\t\t\t<\/div>\n\t\t<\/section>\n\t\t\t\t<div class=\"elementor-element elementor-element-43f9bd5 elementor-widget elementor-widget-spacer\" data-id=\"43f9bd5\" data-element_type=\"widget\" data-widget_type=\"spacer.default\">\n\t\t\t\t<div class=\"elementor-widget-container\">\n\t\t\t\t\t<div class=\"elementor-spacer\">\n\t\t\t<div class=\"elementor-spacer-inner\"><\/div>\n\t\t<\/div>\n\t\t\t\t<\/div>\n\t\t\t\t<\/div>\n\t\t\t\t<div class=\"elementor-element elementor-element-6d1084f elementor-widget elementor-widget-heading\" data-id=\"6d1084f\" data-element_type=\"widget\" data-widget_type=\"heading.default\">\n\t\t\t\t<div class=\"elementor-widget-container\">\n\t\t\t<h1 class=\"elementor-heading-title elementor-size-default\">NUESTROS EVENTOS DE REMO<\/h1>\t\t<\/div>\n\t\t\t\t<\/div>\n\t\t\t\t<section class=\"elementor-section elementor-inner-section elementor-element elementor-element-41a116d1 elementor-section-full_width elementor-section-height-default elementor-section-height-default\" data-id=\"41a116d1\" data-element_type=\"section\">\n\t\t\t\t\t\t<div class=\"elementor-container elementor-column-gap-extended\">\n\t\t\t\t\t\t\t<div class=\"elementor-row\">\n\t\t\t\t\t<div class=\"elementor-column elementor-col-100 elementor-inner-column elementor-element elementor-element-18680827\" data-id=\"18680827\" data-element_type=\"column\">\n\t\t\t<div class=\"elementor-column-wrap elementor-element-populated\">\n\t\t\t\t\t\t\t<div class=\"elementor-widget-wrap\">\n\t\t\t\t\t\t<div class=\"elementor-element elementor-element-2286376 elementor-widget elementor-widget-image\" data-id=\"2286376\" data-element_type=\"widget\" data-widget_type=\"image.default\">\n\t\t\t\t<div class=\"elementor-widget-container\">\n\t\t\t\t\t\t\t\t<div class=\"elementor-image\">\n\t\t\t\t\t\t\t\t\t\t\t\t\t<a href=\"https:\/\/www.facebook.com\/ligadejabegas\/?__xts__=H-\">\n\t\t\t\t\t\t\t<img loading=\"lazy\" decoding=\"async\" width=\"200\" height=\"200\" src=\"https:\/\/www.deporinter.es\/wp-content\/uploads\/2021\/05\/35424_140512759293943_8267424_n.jpg\" class=\"attachment-full size-full\" alt=\"\" srcset=\"https:\/\/www.deporinter.es\/wp-content\/uploads\/2021\/05\/35424_140512759293943_8267424_n.jpg 200w, https:\/\/www.deporinter.es\/wp-content\/uploads\/2021\/05\/35424_140512759293943_8267424_n-150x150.jpg 150w, https:\/\/www.deporinter.es\/wp-content\/uploads\/2021\/05\/35424_140512759293943_8267424_n-100x100.jpg 100w\" sizes=\"auto, (max-width: 200px) 100vw, 200px\" \/>\t\t\t\t\t\t\t\t<\/a>\n\t\t\t\t\t\t\t\t\t\t\t\t\t\t<\/div>\n\t\t\t\t\t\t<\/div>\n\t\t\t\t<\/div>\n\t\t\t\t\t\t<\/div>\n\t\t\t\t\t<\/div>\n\t\t<\/div>\n\t\t\t\t\t\t\t\t<\/div>\n\t\t\t\t\t<\/div>\n\t\t<\/section>\n\t\t\t\t\t\t<\/div>\n\t\t\t\t\t<\/div>\n\t\t<\/div>\n\t\t\t\t\t\t\t\t<\/div>\n\t\t\t\t\t<\/div>\n\t\t<\/section>\n\t\t\t\t<section class=\"elementor-section elementor-top-section elementor-element elementor-element-75ec46be elementor-section-full_width elementor-section-height-default elementor-section-height-default\" data-id=\"75ec46be\" data-element_type=\"section\">\n\t\t\t\t\t\t\t<div class=\"elementor-background-overlay\"><\/div>\n\t\t\t\t\t\t\t<div class=\"elementor-container elementor-column-gap-default\">\n\t\t\t\t\t\t\t<div class=\"elementor-row\">\n\t\t\t\t\t<div class=\"elementor-column elementor-col-100 elementor-top-column elementor-element elementor-element-4156bb73\" data-id=\"4156bb73\" data-element_type=\"column\">\n\t\t\t<div class=\"elementor-column-wrap elementor-element-populated\">\n\t\t\t\t\t\t\t<div class=\"elementor-widget-wrap\">\n\t\t\t\t\t\t<section class=\"elementor-section elementor-inner-section elementor-element elementor-element-25c217da elementor-section-full_width elementor-section-height-default elementor-section-height-default\" data-id=\"25c217da\" data-element_type=\"section\">\n\t\t\t\t\t\t<div class=\"elementor-container elementor-column-gap-default\">\n\t\t\t\t\t\t\t<div class=\"elementor-row\">\n\t\t\t\t\t<div class=\"elementor-column elementor-col-100 elementor-inner-column elementor-element elementor-element-33e74964\" data-id=\"33e74964\" data-element_type=\"column\" data-settings=\"{&quot;background_background&quot;:&quot;classic&quot;}\">\n\t\t\t<div class=\"elementor-column-wrap elementor-element-populated\">\n\t\t\t\t\t\t\t<div class=\"elementor-widget-wrap\">\n\t\t\t\t\t\t<div class=\"elementor-element elementor-element-67b5e5ca elementor-widget elementor-widget-image\" data-id=\"67b5e5ca\" data-element_type=\"widget\" data-widget_type=\"image.default\">\n\t\t\t\t<div class=\"elementor-widget-container\">\n\t\t\t\t\t\t\t\t<div class=\"elementor-image\">\n\t\t\t\t\t\t\t\t\t\t\t\t<img loading=\"lazy\" decoding=\"async\" width=\"233\" height=\"32\" src=\"https:\/\/www.deporinter.es\/wp-content\/uploads\/2021\/04\/LOGO-DEPORINTER.jpg.png\" class=\"attachment-full size-full\" alt=\"\" \/>\t\t\t\t\t\t\t\t\t\t\t\t\t\t<\/div>\n\t\t\t\t\t\t<\/div>\n\t\t\t\t<\/div>\n\t\t\t\t<div class=\"elementor-element elementor-element-79e15384 elementor-shape-rounded elementor-grid-0 e-grid-align-center elementor-widget elementor-widget-social-icons\" data-id=\"79e15384\" data-element_type=\"widget\" data-widget_type=\"social-icons.default\">\n\t\t\t\t<div class=\"elementor-widget-container\">\n\t\t\t\t\t<div class=\"elementor-social-icons-wrapper elementor-grid\">\n\t\t\t\t\t\t\t<span class=\"elementor-grid-item\">\n\t\t\t\t\t<a class=\"elementor-icon elementor-social-icon elementor-social-icon-facebook elementor-animation-rotate elementor-repeater-item-e4bb23b\" href=\"https:\/\/www.facebook.com\/deporinter.es\" target=\"_blank\">\n\t\t\t\t\t\t<span class=\"elementor-screen-only\">Facebook<\/span>\n\t\t\t\t\t\t<i class=\"fab fa-facebook\"><\/i>\t\t\t\t\t<\/a>\n\t\t\t\t<\/span>\n\t\t\t\t\t\t\t<span class=\"elementor-grid-item\">\n\t\t\t\t\t<a class=\"elementor-icon elementor-social-icon elementor-social-icon-twitter elementor-animation-rotate elementor-repeater-item-9903ea8\" href=\"https:\/\/twitter.com\/deporinter\" target=\"_blank\">\n\t\t\t\t\t\t<span class=\"elementor-screen-only\">Twitter<\/span>\n\t\t\t\t\t\t<i class=\"fab fa-twitter\"><\/i>\t\t\t\t\t<\/a>\n\t\t\t\t<\/span>\n\t\t\t\t\t\t\t<span class=\"elementor-grid-item\">\n\t\t\t\t\t<a class=\"elementor-icon elementor-social-icon elementor-social-icon-youtube elementor-animation-rotate elementor-repeater-item-645abc3\" href=\"https:\/\/www.youtube.com\/\" target=\"_blank\">\n\t\t\t\t\t\t<span class=\"elementor-screen-only\">Youtube<\/span>\n\t\t\t\t\t\t<i class=\"fab fa-youtube\"><\/i>\t\t\t\t\t<\/a>\n\t\t\t\t<\/span>\n\t\t\t\t\t\t\t<span class=\"elementor-grid-item\">\n\t\t\t\t\t<a class=\"elementor-icon elementor-social-icon elementor-social-icon-instagram elementor-animation-rotate elementor-repeater-item-429af07\" href=\"https:\/\/www.instagram.com\/Deporinter\" target=\"_blank\">\n\t\t\t\t\t\t<span class=\"elementor-screen-only\">Instagram<\/span>\n\t\t\t\t\t\t<i class=\"fab fa-instagram\"><\/i>\t\t\t\t\t<\/a>\n\t\t\t\t<\/span>\n\t\t\t\t\t<\/div>\n\t\t\t\t<\/div>\n\t\t\t\t<\/div>\n\t\t\t\t\t\t<\/div>\n\t\t\t\t\t<\/div>\n\t\t<\/div>\n\t\t\t\t\t\t\t\t<\/div>\n\t\t\t\t\t<\/div>\n\t\t<\/section>\n\t\t\t\t\t\t<\/div>\n\t\t\t\t\t<\/div>\n\t\t<\/div>\n\t\t\t\t\t\t\t\t<\/div>\n\t\t\t\t\t<\/div>\n\t\t<\/section>\n\t\t\t\t\t\t\t\t\t<\/div>\n\t\t\t<\/div>\n\t\t\t\t\t<\/div>\n\t\t","protected":false},"excerpt":{"rendered":"<p>REMO https:\/\/www.youtube.com\/watch?v=dbmQz1ISNZM Deporinter participa en la organizaci\u00f3n\u00a0 cada a\u00f1o de\u00a0 las pruebas de la Liga de Jabegas de M\u00e1laga, siendo esta una embarcaci\u00f3n y prueba tradicional de la ciudad de M\u00e1laga originaria de los Fenicios siendo esta una embarcaci\u00f3n utilizada para la comercializaci\u00f3n de los productos de una forma r\u00e1pida. La asociaci\u00f3n de remo tradicional &#8230; <a title=\"REMO\" class=\"read-more\" href=\"https:\/\/www.deporinter.es\/?page_id=758\" aria-label=\"M\u00e1s en REMO\">Leer m\u00e1s<\/a><\/p>\n","protected":false},"author":2,"featured_media":0,"parent":0,"menu_order":0,"comment_status":"closed","ping_status":"closed","template":"elementor_canvas","meta":{"footnotes":""},"class_list":["post-758","page","type-page","status-publish"],"acf":[],"_links":{"self":[{"href":"https:\/\/www.deporinter.es\/index.php?rest_route=\/wp\/v2\/pages\/758","targetHints":{"allow":["GET"]}}],"collection":[{"href":"https:\/\/www.deporinter.es\/index.php?rest_route=\/wp\/v2\/pages"}],"about":[{"href":"https:\/\/www.deporinter.es\/index.php?rest_route=\/wp\/v2\/types\/page"}],"author":[{"embeddable":true,"href":"https:\/\/www.deporinter.es\/index.php?rest_route=\/wp\/v2\/users\/2"}],"replies":[{"embeddable":true,"href":"https:\/\/www.deporinter.es\/index.php?rest_route=%2Fwp%2Fv2%2Fcomments&post=758"}],"version-history":[{"count":120,"href":"https:\/\/www.deporinter.es\/index.php?rest_route=\/wp\/v2\/pages\/758\/revisions"}],"predecessor-version":[{"id":2871,"href":"https:\/\/www.deporinter.es\/index.php?rest_route=\/wp\/v2\/pages\/758\/revisions\/2871"}],"wp:attachment":[{"href":"https:\/\/www.deporinter.es\/index.php?rest_route=%2Fwp%2Fv2%2Fmedia&parent=758"}],"curies":[{"name":"wp","href":"https:\/\/api.w.org\/{rel}","templated":true}]}}